and b?
71
Suppose -4*r + 2 = -6. Suppose 5*j = r*i - 45, 5*i + j = -2*j + 35. Suppose 63*q - 6073 + 22793 = 215*q. What is the greatest common divisor of q and i?
10
Let i be (4/(-2))/(-2) - -15. Suppose 3*h = 3 + 12. Let n be 5/50*-2 + 21/h. Calculate the highest common divisor of n and i.
4
Let w = 414 + -190. Let c be 21*(-13)/(-91)*(-28)/(-3). What is the greatest common divisor of c and w?
28
Let t = 567 - 99. Calculate the greatest common divisor of 36 and t.
36
Let b = 317 - 245. Calculate the highest common factor of b and 81.
9
Let i be ((-5)/(-2))/((-1)/(-2)). Suppose 5*v - t - 4*t = 45, -5*v + 53 = 3*t. Suppose 0 = -10*q + 11*q - v. What is the highest common factor of i and q?
5
Suppose 35 = 8*o + 11. Suppose -3*l = 2*j - 279, 3*l - o*j - 173 = l. Calculate the greatest common factor of 26 and l.
13
Let m(r) = r**3 + r**2 - 4*r + 2. Let p be m(-6). Let w be p/(-10) - (-21)/35. Suppose w = -0*v + v. Calculate the greatest common factor of 48 and v.
16
Let d = 85 + -61. What is the highest common divisor of d and 64?
8
Let t be (8/10)/((-3)/15). Let n = t - -9. Suppose -n*r = 2*h - 109, -2*h + h + 23 = r. Calculate the highest common factor of r and 7.
7
Let l(c) = -c**2 + 2*c + 84. Let i be l(0). Suppose -5*o = 5*q, -o = 3*o + 20. Suppose q*m - 36 = 2*m. What is the greatest common divisor of m and i?
12
Let f be ((-28)/6)/((-1)/3). Let k(z) = -z**3 - 8*z**2 - 20. Let q be k(-10). Let j be 4/30 - (-10056)/q. What is the greatest common divisor of f and j?
14
Suppose -k + s + 6 = 0, -3*k + 5*s = k - 24. Let n = k - -3. Suppose 0*o - 288 = -4*o. Calculate the highest common factor of o and n.
9
Let k(r) = 4*r**2 + 6*r + 2. Suppose 0*i - 5*i + 85 = 0. Suppose 0 = 3*s - i + 5. Let p be k(s). Calculate the highest common divisor of 9 and p.
9
Suppose 4*g - 15*g + 176 = 0. Calculate the highest common divisor of 208 and g.
16
Let h(q) = 4*q**2 - 36*q - 37. Let r be h(10). What is the highest common divisor of r and 366?
3
Suppose 3*j - 58*j + 77 = -913. Let n(s) = s**2 + s. Let v be n(-4). What is the highest common factor of v and j?
6
Let p be 12/(-2)*(-14)/21. Let b = 518 + -515. What is the highest common factor of p and b?
1
Suppose -2*g + 269 = -649. Calculate the highest common factor of 17 and g.
17
Suppose q + 40 = 230. Let w = q + 20. What is the highest common factor of w and 30?
30
Let d = -1547 + 1563. Calculate the greatest common divisor of 80 and d.
16
Let s(b) = 9*b**3 - 3*b**2 - b + 2. Let f be s(2). Suppose 0*d + 4*d = f. Calculate the highest common factor of d and 105.
15
Suppose 8 = 3*p - p. Let n be (p/14)/((-2)/(-14)). Calculate the greatest common divisor of n and 4.
2
Let v(l) = -l**2 - 30*l. Let j(o) = 31*o. Let k(h) = -3*j(h) - 2*v(h). Let g be k(21). Let m = -50 + 77. What is the greatest common factor of m and g?
27
Let a be 13/26 + (721/(-2))/(-7). What is the greatest common factor of 182 and a?
26
Suppose -8*a + 306 - 87 = 155. Let z = 25 - -15. Calculate the greatest common factor of a and z.
8
Let d(f) = 4*f**3 - 20*f**2 + 15*f + 19. Let w be d(9). What is the greatest common divisor of 58 and w?
58
Let i = -25 - -30. Suppose 0 = -0*b - i*b + 50. What is the greatest common factor of b and 25?
5
Suppose -5*i - 11*g = -6*g - 345, 4*i - 274 = -3*g. What is the highest common factor of i and 1?
1
Let w = -12 + 36. Let c(m) = m - 3. Let z be c(6). Let i be (2/4)/(z/36). What is the highest common factor of i and w?
6
Suppose -56*l = -55*l - 44. What is the greatest common divisor of l and 33?
11
Let z = -10 + 15. Suppose r - 68 = -2*y, -z*r = -0*y + 2*y - 340. Calculate the greatest common divisor of 34 and r.
34
Let l(s) = 2*s**2 - 24*s + 23. Let g be l(11). Let a be -5*(g - (2 - 0)). Calculate the highest common divisor of a and 3.
1
Let q be 0*1/3 - (-390)/2. Let m = q - 117. What is the greatest common factor of m and 52?
26
Suppose 2031 + 1854 = 35*k. Calculate the highest common factor of k and 481.
37
Let x(f) = -f**2 + 3*f + 438. Let j be x(21). Calculate the highest common divisor of j and 320.
20
Suppose 20*b = 280 + 260. Calculate the greatest common divisor of 135 and b.
27
Let y = -8 + 11. Suppose -51 + 45 = -3*i. Let g be 92 + 1*(i - y). Calculate the greatest common factor of 13 and g.
13
Let a = -451 + 640. What is the highest common divisor of a and 7?
7
Suppose -32946 + 738 = -24*h. What is the highest common factor of 22 and h?
22
Let b(k) = k**2 + 3*k + 4. Let j be b(-3). Let i be 30/j*88/12. Calculate the highest common divisor of i and 11.
11
Suppose 18*l - 12282 = -2994. What is the greatest common factor of l and 12?
12
Suppose 10*j - 44 - 16 = 0. Let p(l) = 2*l**2 + 5*l + 18. Let g be p(j). Calculate the highest common factor of 12 and g.
12
Let s(d) be the third derivative of 3/8*d**4 + 0 - 1/60*d**5 + 0*d - d**3 - 4*d**2. Let a be s(8). What is the greatest common divisor of 18 and a?
2
Suppose -3*p - 2*p - 2*v + 2173 = 0, -2*p = -2*v - 872. Calculate the greatest common factor of p and 15.
15
Let b(g) = 4*g**3 - 43*g**2 - 13*g + 28. Let u be b(11). What is the highest common factor of u and 213?
3
Suppose -5*a + 928 = -a. Suppose -179 + 34 = -5*f. Calculate the highest common divisor of f and a.
29
Let o = -498 + 596. What is the highest common factor of o and 2352?
98
Let n(m) = m + 3. Let c be n(9). Suppose -2*t - 2 = -c. Suppose 9*v + 0*v - 45 = 0. Calculate the greatest common factor of v and t.
5
Let t be 0 + (-99)/(-36) - (-3)/(-4). Calculate the highest common divisor of 16 and t.
2
Let b = -183 - -264. Let u be ((-6)/5)/(9/(-30)). Suppose 2*n = -u*l + 26, -3 = -2*l + 2*n + 25. Calculate the highest common factor of b and l.
9
Let w(p) = p**3 + 36*p**2 - 73*p + 134. Let u be w(-38). What is the highest common factor of u and 28?
4
Suppose 0 = 6*x - 381 - 1467. What is the greatest common divisor of 11 and x?
11
Let a = 23 + 1. Let j = -88 + 148. What is the greatest common factor of a and j?
12
Suppose -12 + 2 = -2*u. Suppose 3*o - 64 - 42 = -u*c, -78 = -4*c + o. Calculate the highest common factor of 20 and c.
20
Let i be (-1)/((-2)/((-588)/(-6))). Calculate the highest common factor of i and 294.
49
Let b(s) = -2*s**3 - 5*s**2 - 4*s - 1. Let h be b(-3). Let f be 19 - (-6)/12*2. Calculate the greatest common divisor of h and f.
20
Let d be ((-14)/(-21) + 0)*45. Calculate the highest common divisor of 270 and d.
30
Let l be 5733/364*(5 + -1). Suppose 3*z - 2 = 2*a - 4, 4*z - 44 = -4*a. Calculate the highest common factor of l and a.
7
Let s be 2/12 + 33/18. Suppose s*q = 269 - 13. Suppose q + 156 = 4*j - 4*m, 5*j + 5*m - 335 = 0. What is the highest common divisor of j and 46?
23
Suppose -3 = 7*h - 38. Let b = 5 + -4. What is the greatest common factor of h and b?
1
Let k(g) = 154*g**3. Let a be k(1). Let h = 2258 + -2244. What is the highest common factor of h and a?
14
Suppose 2*i + 2*i - 320 = 0. Suppose 37 - 13 = y + 4*n, -5*n = -4*y + 12. Let c be 222/24 - (-6)/y. What is the highest common factor of c and i?
10
Suppose 5 + 10 = 5*v, 6352 = 5*z - v. Calculate the greatest common divisor of z and 41.
41
Let r be ((-12)/9)/(2/(-33)). Suppose -1226*d + 1225*d = q - 263, 3*d - 794 = 2*q. What is the greatest common divisor of r and d?
22
Suppose 59 = a - 4*u, 9*a = 4*a - 2*u + 383. What is the greatest common divisor of 20 and a?
5
Let s(y) = 2*y**3 - 3*y**2 - 7*y - 4. Let i = 42 + -38. Let z be s(i). Calculate the greatest common divisor of z and 6.
6
Suppose -3*b + b + 222 = 4*k, 2*b = -2*k + 222. Calculate the highest common divisor of b and 3.
3
Suppose 6*r - 1713 = -117. Calculate the highest common divisor of 28 and r.
14
Let y be (-1 + -7)*(-783)/58. What is the highest common factor of y and 24?
12
Let d be 160/(-2) - 0 - -3. Let b = -54 - d. Let t = -1 + b. What is the highest common divisor of t and 242?
22
Let x = 387 - 241. Calculate the highest common divisor of x and 2.
2
Let k(d) = -d - 11. Let a(u) = 2*u + 10. Let r(g) = 2*a(g) + 3*k(g). Let h be r(21). Calculate the greatest common factor of h and 2.
2
Suppose 7*g - 6 = 22. Suppose g*w = 11*w - 35. Calculate the greatest common divisor of w and 40.
5
Let k(y) = -y**2 + 11*y - 3. Let d be k(10). Let g = -7 + d. Let m(u) = u**2 + u + 8. Let v be m(g). What is the greatest common divisor of 8 and v?
8
Le